and 14.
14
Suppose 0 = -3*o + 5*o - 6. Suppose o*f = 787 + 113. Suppose -4*a = a - f. What is the greatest common factor of a and 15?
15
Suppose -4*c = -2*r + 24, 4*r - 52 = 2*c + 2*c. Let n = -381 - -175. Let j = n - -332. Calculate the greatest common divisor of j and r.
14
Let s be -2*1*(-19095)/114. What is the highest common factor of 5 and s?
5
Let t(j) = -j**3 - 4*j**2 - 4*j - 4. Let p be t(-4). Let m be 12*91/39*120/28. What is the highest common factor of p and m?
12
Suppose -5*l = -3*t + t - 97, t = -2*l + 46. Let z = l + -7. What is the highest common divisor of 7 and z?
7
Let i be -4*6/((-4)/((-48)/(-9))). Calculate the greatest common factor of 608 and i.
32
Suppose -x = 4*f - 8, 0 = -4*x - 0*f + 4*f + 12. Let l be -1 + x/(-4) + 3. Let r be l/4 - (-558)/8. Calculate the highest common factor of 28 and r.
14
Let g = 0 - -18. Suppose 253 + 755 = g*l. What is the highest common factor of 56 and l?
56
Suppose -7*y + 2*y + 20 = 0. Suppose 0 = y*j + 2*m - 62, -3*m = -5*j - 0*m + 94. Let o = j - -4. What is the greatest common factor of 7 and o?
7
Let r = 59 + -41. Suppose 14*g + 9*g - 621 = 0. What is the highest common factor of g and r?
9
Let z(p) = -p**2 - 13*p + 52. Let l be z(-9). Let r be (44/12*1)/(1/3). Calculate the greatest common divisor of r and l.
11
Let h(c) = 10*c. Let j be h(3). Suppose -5*w - y + 100 = 0, 2*y + 0*y = 0. What is the greatest common factor of w and j?
10
Let g = 30 + -30. Suppose -y - p = -g*y + 59, 2*y + p = -123. Let u be (1122/(-4))/(48/y). Calculate the highest common factor of 34 and u.
34
Suppose 0 = -y - 2, 8*y - 6*y + 1108 = 3*h. What is the greatest common divisor of 96 and h?
16
Suppose -15 = 5*g, 855 = -o + 6*o - 5*g. Suppose -3*a + 17 = -55. Calculate the greatest common factor of a and o.
24
Let j be 15 + (2/5 - (-138)/30). Calculate the highest common divisor of 25 and j.
5
Let o(z) = -z + 30. Let d be o(0). What is the greatest common divisor of d and 375?
15
Let l be 0 + (-342)/(-21) + (-10)/35. What is the greatest common divisor of 6 and l?
2
Let q be 2 + -3 + (-1 - 0) + 7. Suppose 2*d + 4*s = 78, -q*s - 117 = 3*d - 7*d. Calculate the highest common divisor of 3 and d.
3
Let l = 363 - 320. What is the greatest common divisor of 559 and l?
43
Let d be ((-36)/(-20) + -1)/((-2)/(-55)). Let s = d - 14. Calculate the greatest common divisor of 72 and s.
8
Suppose -3*x + 38 = q + x, 2*q - 61 = -5*x. Suppose -10 = -4*j + q. Suppose 5*y = 3*t + 9, -j = -y - 0*y - 2*t. Calculate the highest common factor of y and 24.
3
Let p be (-4)/6 - (-510)/(-45). Let k be (p - 0)*(-10)/4. Let m be -1 + 44 + 1 + 1. Calculate the highest common factor of k and m.
15
Let n = 861 - 636. What is the highest common factor of n and 600?
75
Suppose -p + 17 = -x, 3*p = -0*x + 4*x + 50. Suppose -154 - 714 + 76 = -4*c. What is the highest common divisor of c and p?
18
Suppose 2*s - 84 = -2*s + 3*z, -z = 3*s - 76. Let h(b) = 54*b**2 - b - 2. Let g be 3*2*2/(-6). Let c be h(g). Calculate the greatest common divisor of s and c.
24
Let k = -295 + 203. Let o = -68 - k. Calculate the highest common divisor of 264 and o.
24
Let l = -92 - -35. Let t = l - -101. What is the greatest common factor of t and 4?
4
Suppose 12*o = -9*o + 168. Calculate the highest common divisor of o and 5.
1
Let r(f) = 116*f**2 + 3*f - 4. Let q be r(2). Suppose -q = -6*n + 290. Calculate the greatest common factor of 18 and n.
18
Suppose -8*g - n = -11*g + 87, n = -4*g + 123. Calculate the greatest common factor of g and 210.
30
Suppose 3*h - 150 - 15 = 0. Calculate the greatest common factor of h and 220.
55
Let k = 1742 + -1547. Calculate the greatest common factor of 117 and k.
39
Let m(k) = k**3 + 6*k**2 + 4*k + 8. Let t be m(-5). Let p(c) = -c**3 + 14*c**2 - 15*c + 28. Let o be p(t). Calculate the greatest common factor of 16 and o.
2
Suppose 4*a = 16 + 8. Suppose -4 = -2*x - 5*w, 2*x - 5*x + a = 5*w. Suppose b + 65 = x*n + 2*b, -5*n = 4*b - 170. What is the highest common factor of 6 and n?
6
Suppose -69*k + 71*k - 744 = 0. Calculate the highest common divisor of 12 and k.
12
Let m = -4586 - -4634. Let i = -9 + 41. Calculate the greatest common factor of i and m.
16
Let q(i) = -i**3 + 8*i**2 - i + 11. Let a be q(8). Let k(s) = s**3 - 6*s**2 + 6*s + 7. Let d be k(5). Calculate the highest common factor of d and a.
3
Let u = 273 - -36. What is the highest common divisor of 412 and u?
103
Let k = 399 + -263. What is the greatest common factor of 34 and k?
34
Let p be (640/30)/((-1)/(-33)). What is the greatest common factor of p and 22?
22
Let d be 0 + (2 - 21) + 3. Let g = 10 - d. What is the greatest common divisor of g and 65?
13
Suppose -s - 2*l + 58 = 2*s, -s + 25 = -5*l. Let b be 25/(-10)*(-312)/s. Calculate the highest common divisor of b and 26.
13
Suppose 216 = 136*i - 139*i. Let y be (90/i)/(1/(-16)). Calculate the greatest common divisor of 20 and y.
20
Let u(w) = 3*w**2 - 80*w - 25. Let g be u(31). What is the highest common divisor of 14 and g?
14
Let l be ((-165)/88*-4)/((-2)/(-4)). Calculate the highest common factor of 240 and l.
15
Let d = -486 - -522. What is the highest common divisor of 468 and d?
36
Suppose x - 3*x = -48. Suppose -s + 19 = 3. What is the greatest common divisor of s and x?
8
Let g(m) = 2*m**3 - 28*m**2 + 2*m - 25. Let y be g(14). Calculate the greatest common divisor of y and 81.
3
Let b(z) = -19*z - 11. Let r be b(-2). What is the greatest common factor of r and 513?
27
Let o = -5 - 1. Let g(u) = -u + 1. Let i be g(o). Suppose -2*k + 4*z + 62 = 0, 3 = 4*k + 4*z - 145. What is the greatest common divisor of i and k?
7
Let r(n) = n**3 - 6*n**2 + 6*n - 11. Let v be r(8). Suppose 27*x = 25*x + 30. Calculate the greatest common divisor of v and x.
15
Let n be 238/(-1071) + (-1244)/(-9). Calculate the highest common factor of 6 and n.
6
Let n be 377 + (54/(-81))/((-4)/6). What is the highest common divisor of 14 and n?
14
Suppose -8*g + 110 = -6*g. Let c be (g/15)/(1/54). What is the highest common divisor of c and 9?
9
Let y(i) = -i**3 + 14*i**2 - 28*i + 11. Let r be y(11). Let v = r + -56. Calculate the greatest common factor of 110 and v.
10
Let m(i) = 4*i + 14. Let f be m(-5). Let p be (4/3)/(f/(-27)). What is the highest common divisor of p and 2?
2
Let c be 161 + -27 - (4 - -2). What is the highest common divisor of c and 144?
16
Let s be (-16 + 0)/((-1)/5). Let y be (-21)/7 - (-3 + -50). Let n = y + -40. What is the greatest common factor of s and n?
10
Suppose 2*w - 2514 = 3*i - 194, -2*i + 5781 = 5*w. What is the greatest common factor of 26 and w?
13
Suppose 5*t = 3*x + 255, 174 = 3*t + 2*x + 40. Calculate the highest common factor of t and 64.
16
Let v(x) = 5*x**2 - 2*x. Let w be v(1). Suppose c = -4*o + 6, -9 = w*o - 6*o - 3*c. What is the highest common factor of 13 and o?
1
Let d(v) = 42*v. Let u(c) = -2*c. Let q be u(-1). Let p be d(q). Let y(n) = -n**2 + 11*n - 6. Let x be y(9). What is the highest common factor of p and x?
12
Suppose -12*l = -1220 - 412. Calculate the greatest common factor of l and 153.
17
Suppose 4*r - 4*u + 42 = 6, 4*r + 5*u = 9. Let z be 1 + (-1)/r*4. What is the highest common factor of z and 4?
2
Suppose 2*c = -2*c + 8. Let z = c + -2. Suppose a - 2 = -z*a. Calculate the greatest common factor of a and 1.
1
Suppose -3*n + 18 = -12. Let m be 112/24 + (-2)/3. Suppose -4*o = -m*f + 72, -5*f - 23 = 3*o - 129. Calculate the highest common divisor of f and n.
10
Suppose 85*z - 84 = 82*z. What is the greatest common factor of z and 1498?
14
Let z(d) = -d**2 + 12*d + 12. Suppose 5*q - 8 - 47 = 0. Let k be z(q). What is the highest common factor of k and 92?
23
Suppose -5 - 7 = -3*g. Suppose 3*s - 27 = -j, -j - g*s - 6 + 30 = 0. Calculate the highest common factor of j and 9.
9
Let g be 17/(153/(-36))*(-22)/4. What is the highest common divisor of g and 77?
11
Let b(z) = -25*z**3 - z. Suppose -3 = 11*u - 8*u. Let f be b(u). What is the greatest common divisor of 13 and f?
13
Suppose 2*u - u = 5*o + 34, -2*u - 5*o = -53. Suppose -12*v + u = -11*v. What is the greatest common factor of 232 and v?
29
Let t be 2/56*-4 - (-3028)/28. What is the highest common divisor of t and 12?
12
Let g be 6 + -1 + (-6)/(-3). Suppose 3*h - 17 = g. Let r be 701/8 + (-9)/(-24). What is the highest com